= 2*j - 6*j - 40. Let n = 294 + j. Suppose 5*b + 4*q - 308 = b, -4*b + n = -2*q. What is the units digit of b?
3
Let p = -82 + 85. Suppose -5*f - 3*x = 4, -x + 8 = p*x. What is the tens digit of (-6 - f)*4/16 + 96?
9
Let o = -6237 - -3361. Let v = -1983 - o. What is the hundreds digit of v?
8
Suppose -21*s + 12*s = -756. Suppose -s*y = -89*y + 1870. What is the units digit of y?
4
Let i be 9 + 846/(-144) + 2/(-16). Suppose 2*f = 436 + 236. Suppose -3*c - f = -6*c - 5*l, c + i*l - 108 = 0. What is the units digit of c?
7
Suppose -870*i + 857*i + 15587 = 0. What is the tens digit of i?
9
Let y be 90/(-21) - (-2)/7. Let v be 0/2*(-1 + -4 - y). Suppose v = -h + 62 + 55. What is the tens digit of h?
1
Suppose 4*q - 6274 = -19722. Let h = -2255 - q. What is the thousands digit of h?
1
Let r(i) = -14*i + 2. Let h be r(-2). Suppose 0 = h*m - 24*m - 936. Let c = m + -95. What is the units digit of c?
1
Let c(v) = 5*v**3 - 13*v**2 + 7*v + 19. Let f(g) = -2*g**3 + 7*g**2 - 3*g - 9. Let h(x) = -3*c(x) - 5*f(x). What is the units digit of h(-4)?
6
Let t = 95 + -90. Let f be (60/t)/3 - 4. Let c(z) = -z**2 + z + 23. What is the tens digit of c(f)?
2
Let a(f) = -f**2 - 15*f + 16. Let c be a(5). Let w = 518 + c. What is the units digit of w?
4
Let j(n) = 34 - 3*n + 35*n**2 + 7*n - 34*n**2. What is the hundreds digit of j(-14)?
1
Let d = 5 + 2. Let c(a) = a**3 - 7*a**2 - a + 2. Let w be c(d). Let i(q) = 3*q**2 + 7*q + 11. What is the tens digit of i(w)?
5
Let p(g) = -134*g**3 + 3*g**2 + 3*g + 2. Let z(o) = -268*o**3 + 5*o**2 + 6*o + 3. Let i(u) = 7*p(u) - 4*z(u). What is the units digit of i(1)?
4
Suppose -9*l = -9692 - 9226. What is the tens digit of l?
0
Let b be 10/(-320)*-42424 + 1/4. Suppose -x = -5*w + 3*x + b, 0 = -3*x - 12. What is the hundreds digit of w?
2
Let v be (8*5/(-30) - -3)*3. Suppose 0 = -5*c + 4*m + 6320, 8*c = v*c - 3*m + 3765. What is the tens digit of c?
6
Let c(l) = -4*l**3 + 5*l**2 - 4*l + 16. Let n be c(-6). Let a = n - 447. What is the tens digit of a?
3
Suppose -8*r + p = -6*r + 301, -5*p = -2*r - 305. Let b = r + 424. What is the units digit of b?
4
Let i = 4228 + -1884. What is the units digit of i?
4
Let o(w) = 13*w**2 - 13*w - 12. Let a be o(-3). Let v(h) = h**3 + 7*h**2 + 2*h + 9. Let x be v(-6). Suppose x*b + a = 37*b. What is the tens digit of b?
3
Let g(a) = a**2 - 71*a + 27232. What is the units digit of g(0)?
2
Suppose 14*z + 12*z = 5746. Suppose -r - z + 916 = 0. What is the tens digit of r?
9
Let n(o) = 12*o**2 - 53*o + 775. What is the ten thousands digit of n(-34)?
1
Let f = 58 + -51. Let o be f + (5 - 10) - 2*-199. Suppose -2*r - d + 135 = -r, 2*d = 3*r - o. What is the hundreds digit of r?
1
Let y be (1 - 3)/((-1491)/(-1488) + -1). Let f = -445 - y. What is the tens digit of f?
4
Suppose r = -2*k + 15997, 22*k + 5*r - 15977 = 20*k. What is the hundreds digit of k?
0
Let o(l) = l**3 + 4*l**2 + l + 5. Let u be (-1)/(0 - (-4)/(-36)). Suppose w + 2*z + u = 0, 4*w + z - 6*z = 3. What is the tens digit of o(w)?
1
Let n = -4683 - -9754. What is the tens digit of n?
7
Let u be ((-527)/4)/(-17) - (-2)/8. Let h = u + 176. What is the tens digit of h?
8
Let l(j) = -j**2 + 7*j - 8. Suppose -3*u - 5*o - 16 = -6*u, 5*u + 3*o - 38 = 0. Let s be l(u). What is the tens digit of (7 - 1)/(s/(-44))?
3
Let f = 223 - 88. Suppose 0 = 5*j + 5*m - f, 2*m - 58 = 4*j - 142. Let p = -5 + j. What is the units digit of p?
8
Let o(j) = 1713*j**2 - 11*j + 51. Let v be o(8). What is the units digit of (-6)/(-8) - v/(-92)?
2
What is the hundreds digit of ((-661)/(-2) + -3)*(49 - 47)?
6
Suppose 52*o = j + 57*o - 42252, 211420 = 5*j + 5*o. What is the hundreds digit of j?
2
Let v(g) = -18*g + 68. Let w be v(18). Let o = w - -674. What is the hundreds digit of o?
4
Suppose -105*r + 1663716 = 9*r. What is the hundreds digit of r?
5
Suppose 5*h - 318886 = -m, -h - m + 8268 = -55514. What is the tens digit of h?
7
Suppose 4*v - 11496 = -3*n + 9*v, v + 7664 = 2*n. Suppose 37*m = 29*m + n. What is the units digit of m?
9
Let k = -1182 + 3084. What is the tens digit of k?
0
Suppose 6*n - 196 = -3*r + 14, -3*r - 5*n = -209. Let j = 2 - 1. Let b = r - j. What is the units digit of b?
7
Suppose -4*i - 410 = -2*h, -3*i + 127 - 435 = -2*h. Let o = -102 - i. Suppose -5*n + 359 + 261 = o. What is the tens digit of n?
2
Suppose -5*p + 18718 = -11507. Suppose -891 = -17*t + p. What is the units digit of t?
8
Let d(l) = -2*l**3 + 6*l**2 + 6*l - 19. Let w be d(9). Let z = 1698 + w. What is the units digit of z?
1
Let s(a) = -60*a + 4*a + 90*a**2 + a - 3. What is the thousands digit of s(5)?
1
What is the tens digit of (1902/(-4))/(105/(-28)*(-1)/(-5))?
3
Suppose -10*h + 6335 = -6435. Let f = h + -795. What is the tens digit of f?
8
Let r(o) = 451*o + 10573. What is the tens digit of r(24)?
9
Let i(j) = -j**3 + 42*j**2 - 32*j - 96. Let c be i(41). What is the units digit of ((-34281)/c)/((-1)/7)?
9
Let l = 621 - 617. Suppose 0 = -4*f + l, 781 = 2*y + 5*f - 2*f. What is the hundreds digit of y?
3
Suppose -5*j = -5*r - 3*j + 1337, j = 2*r - 534. Suppose -4*u + 1565 = r. Suppose -4*v + 432 = b, -5*b = 3*v - 2*b - u. What is the tens digit of v?
0
Suppose 0 = 2*h + 19*h - 6426. Suppose 5*o - 3*i = 504, 3*i + h = -7*o + 10*o. What is the tens digit of o?
9
Suppose 0 = 27*w - 11*w + 80. What is the units digit of w*(5 - (-8)/20*-96)?
7
Let m(q) = 2*q**2 + 6*q + 1. Let v be m(-4). Suppose 17 = 7*a + 10. What is the units digit of (v*a)/((162/(-132))/(-9))?
6
Let a(h) = 37*h + 113. Let v be a(4). Suppose j = -104 + v. What is the units digit of j?
7
Let k = 13427 + -6958. What is the thousands digit of k?
6
Let z(n) = -50*n + 18. Suppose 0 = f - 3 - 1. Let v be z(f). What is the tens digit of (-13 + v)*(-1)/3?
6
Suppose 3*w - 84870 = 2*t, -17*w + 15*w - 3*t = -56567. What is the thousands digit of w?
8
Suppose -9*z + 69872 + 9985 = 0. What is the thousands digit of z?
8
Suppose 563 = 14*u - 2041. Let s = u + -139. What is the tens digit of s?
4
Suppose -4*o = r - 27, 4*o - 33 = -6*r + 11*r. Suppose -707 - 791 = -o*m. What is the hundreds digit of m?
2
Suppose 2*f = 2*q - 6*q + 214, 5*q = 5*f + 275. Let h(w) = 11 + 49*w - 4 - q*w. What is the units digit of h(-9)?
2
Let w be -6*(-4)/(-8)*-5. Suppose -2*b = 3*b + w, o - 27 = -2*b. Suppose -4*l + 23 + o = 0. What is the tens digit of l?
1
Suppose 28*u - 243 = 177. Suppose u - 6 = 3*m, h + 5*m - 49 = 0. What is the tens digit of h?
3
Let s = 3 + 2. Let j be 1 - ((100 + 2)*-2 + 0). Suppose s*q - 10*q = -j. What is the units digit of q?
1
Let r = 158 - 152. Suppose -r*l = -1266 - 1686. What is the units digit of l?
2
Let u(x) = 362*x**2 - 36*x + 251. What is the hundreds digit of u(7)?
7
Suppose 0 = 14*p - 12*p - 12. Suppose p*o - 108 = -90. Suppose -o*l - 5*z = -155 - 623, z - 5 = 0. What is the units digit of l?
1
Let w = -4455 - -13916. What is the thousands digit of w?
9
Suppose 2*b - 12448 = f, 6*b - 7*b - 5*f = -6213. What is the thousands digit of b?
6
Suppose -823*g + 4106835 = -736*g. What is the hundreds digit of g?
2
Let u(q) = -q**2 + 40*q + 27. Let o be u(19). Suppose -14*h = -16*h + o. What is the hundreds digit of h?
2
Let x = 310 - 310. Suppose 2*y - 2*w - 3*w = 612, x = -2*w. What is the tens digit of y?
0
Suppose -b - 88*b + 487186 = 0. What is the tens digit of b?
7
Suppose w = -38 + 35. Let a(c) = c + 4. Let t be a(w). Let q(f) = 82*f + 2. What is the tens digit of q(t)?
8
Let j = -18169 + 36502. What is the ten thousands digit of j?
1
Let l = 50 + -80. Suppose -6*z + 9*z + 400 = 4*m, -4*m + 4 = 0. Let y = l - z. What is the hundreds digit of y?
1
Let g = -34 + 16. What is the tens digit of g/21 - (-29223)/63?
6
Let s = 10704 + -4875. What is the tens digit of s?
2
Let h(d) = 465*d + 18. What is the hundreds digit of h(20)?
3
Let p(u) = 5*u - 96. Let a be p(21). Let d(m) = 5*m**2 - 42*m + 29. What is the units digit of d(a)?
6
Let i(f) = 56*f + 5. Let r be i(5). Suppose -3*y - 24 = -3*h, h + 2*y - 7*y - 16 = 0. What is the units digit of r/9 + h/(-9)?
1
Let l(g) be the third derivative of -5*g**2 + 7/60*g**5 + 0 - 1/2*g**3 - 1/120*g**6 + 11/12*g**4 + 0*g. What is the tens digit of l(9)?
3
Let c = -212 - -449. Suppose 81 + c = -6*w. Let s = 1 - w. What is the tens digit of s?
5
Let i(j) = 20 - j**2 - 150*j + 142